{"id":4483,"date":"2025-01-14T11:26:38","date_gmt":"2025-01-14T10:26:38","guid":{"rendered":"https:\/\/nms-hainburg.at\/wordpress\/?page_id=4483"},"modified":"2025-09-23T10:09:17","modified_gmt":"2025-09-23T08:09:17","slug":"einschreibung","status":"publish","type":"page","link":"https:\/\/nms-hainburg.at\/wordpress\/einschreibung\/","title":{"rendered":"Einschreibung"},"content":{"rendered":"\n<p><\/p>\n\n\n\n<p>Die Einschreibung f\u00fcr das Schuljahr 2026\/27 findet heuer von 09. &#8211; 11. Februar 2026 t\u00e4glich von 08:00 bis 13:30 Uhr statt. M\u00f6chten Sie Ihr Kind in der Mittelschule Hainburg einschreiben, dann kommen Sie bitte mit folgenden Unterlagen in die Direktion (Ihr Kind muss dabei nicht mitkommen):<\/p>\n\n\n\n<ul>\n<li>Vollst\u00e4ndig ausgef\u00fclltes Anmeldeblatt \u2013 das Formular finden Sie unten.<\/li>\n\n\n\n<li>Schulnachricht der 4. Klasse VS im Original und Kopie<\/li>\n\n\n\n<li>Aktueller Meldezettel<\/li>\n\n\n\n<li>Staatsb\u00fcrgerschaftsnachweis und Geburtsurkunde<\/li>\n\n\n\n<li>E-Card des Kindes<\/li>\n\n\n\n<li>Bei getrennt lebenden Kindern \u2013 Obsorgebescheid<\/li>\n\n\n\n<li>Bei Bedarf:<br>Anmeldung zu einer unverbindlichen \u00dcbung oder Erstsprachenunterricht.<br><strong>Bitte beachten Sie, dass eine Anmeldung f\u00fcr das ganze Schuljahr g\u00fcltig ist.<\/strong> <strong>Eine Abmeldung ist nicht m\u00f6glich!<\/strong> <\/li>\n<\/ul>\n\n\n\n<p><\/p>\n\n\n\n<p>Die Sporteignungspr\u00fcfung findet heuer am Donnerstag, den 26.02.2026, 12:00 Uhr statt. Mitzunehmen sind Sportgewand, Hallenschuhe und ein Getr\u00e4nk.<\/p>\n\n\n\n<p><\/p>\n\n\n\n<p><\/p>\n\n\n\n<h2 class=\"wp-block-heading\"><\/h2>\n\n\n\n<h2 class=\"wp-block-heading\"><\/h2>\n\n\n\n<p><\/p>\n\n\n\n<div class=\"wp-block-buttons is-layout-flex wp-block-buttons-is-layout-flex\">\n<div class=\"wp-block-button is-style-fill\"><a class=\"wp-block-button__link has-luminous-vivid-amber-background-color has-background wp-element-button\" href=\"https:\/\/nms-hainburg.at\/wordpress\/wp-content\/uploads\/2025\/09\/Formular-SchulanmeldungNEU.pdf\" target=\"_blank\" rel=\"noreferrer noopener\">Schulanmeldung<\/a><\/div>\n\n\n\n<div class=\"wp-block-button\"><a class=\"wp-block-button__link has-luminous-vivid-amber-background-color has-background wp-element-button\" href=\"https:\/\/nms-hainburg.at\/wordpress\/wp-content\/uploads\/2025\/09\/Anmeldung-UUe.pdf\" target=\"_blank\" rel=\"noreferrer noopener\">Anmeldung U\u00dc<\/a><\/div>\n\n\n\n<div class=\"wp-block-button\"><a class=\"wp-block-button__link has-luminous-vivid-amber-background-color has-background wp-element-button\" href=\"https:\/\/nms-hainburg.at\/wordpress\/wp-content\/uploads\/2025\/09\/Anmeldeformular-Erstsprachenunterricht.pdf\" target=\"_blank\" rel=\"noreferrer noopener\">Erstsprachenunterricht<\/a><\/div>\n<\/div>\n","protected":false},"excerpt":{"rendered":"<p>Die Einschreibung f\u00fcr das Schuljahr 2026\/27 findet heuer von 09. &#8211; 11. Februar 2026 t\u00e4glich von 08:00 bis 13:30 Uhr statt. M\u00f6chten Sie Ihr Kind in der Mittelschule Hainburg einschreiben, dann kommen Sie bitte mit folgenden Unterlagen in die Direktion (Ihr Kind muss dabei nicht mitkommen): Die Sporteignungspr\u00fcfung findet heuer am Donnerstag, den 26.02.2026, 12:00 [&hellip;]<\/p>\n","protected":false},"author":3,"featured_media":0,"parent":0,"menu_order":0,"comment_status":"closed","ping_status":"closed","template":"","meta":{"ngg_post_thumbnail":0,"footnotes":""},"_links":{"self":[{"href":"https:\/\/nms-hainburg.at\/wordpress\/wp-json\/wp\/v2\/pages\/4483"}],"collection":[{"href":"https:\/\/nms-hainburg.at\/wordpress\/wp-json\/wp\/v2\/pages"}],"about":[{"href":"https:\/\/nms-hainburg.at\/wordpress\/wp-json\/wp\/v2\/types\/page"}],"author":[{"embeddable":true,"href":"https:\/\/nms-hainburg.at\/wordpress\/wp-json\/wp\/v2\/users\/3"}],"replies":[{"embeddable":true,"href":"https:\/\/nms-hainburg.at\/wordpress\/wp-json\/wp\/v2\/comments?post=4483"}],"version-history":[{"count":31,"href":"https:\/\/nms-hainburg.at\/wordpress\/wp-json\/wp\/v2\/pages\/4483\/revisions"}],"predecessor-version":[{"id":4784,"href":"https:\/\/nms-hainburg.at\/wordpress\/wp-json\/wp\/v2\/pages\/4483\/revisions\/4784"}],"wp:attachment":[{"href":"https:\/\/nms-hainburg.at\/wordpress\/wp-json\/wp\/v2\/media?parent=4483"}],"curies":[{"name":"wp","href":"https:\/\/api.w.org\/{rel}","templated":true}]}}