{"id":315,"date":"2020-03-26T14:32:16","date_gmt":"2020-03-26T13:32:16","guid":{"rendered":"https:\/\/nms-hainburg.at\/wordpress\/?page_id=315"},"modified":"2025-10-07T09:24:17","modified_gmt":"2025-10-07T07:24:17","slug":"leitbild","status":"publish","type":"page","link":"https:\/\/nms-hainburg.at\/wordpress\/leitbild\/","title":{"rendered":"Leitbild"},"content":{"rendered":"\n<p>Wir, das Lehrerteam der MS Hainburg, wollen unsere Sch\u00fcler, Ihre Kinder, durch gute leistungsorientierte Ausbildung bestm\u00f6glich auf das Leben und eine sichere Zukunft vorbereiten.<br><br>Deshalb werden bei uns die F\u00e4higkeiten und St\u00e4rken Ihres Kindes individuell gef\u00f6rdert und gefordert.<br><br>Wert gelegt wird in unserer Schule aber nicht nur auf die pers\u00f6nliche Leistung, sondern auch auf die Vermittlung sozialer Kompetenzen.<br>Dabei ist uns die permanente und konsequente Zusammenarbeit mit dem Elternhaus sehr wichtig. Denn nur eine gelebte Partnerschaft zwischen Sch\u00fclern, Lehrern und Eltern f\u00fchrt uns gemeinsam zum Erfolg.<br><br>Um die individuelle Pers\u00f6nlichkeit Ihres Kindes besonders zu st\u00e4rken, bietet die MS Hainburg ein breit gef\u00e4chertes Angebot zu verschiedensten Bereichen sowohl im Regelunterricht als auch auf freiwilliger Basis an:<br><br><strong>IT-Klassen<\/strong>, wobei auch in allen anderen Klassen neue Medien, wie zum Beispiel Tablets, Laptops und Computer zum Einsatz kommen und der sinnvolle Einsatz moderner Medien ge\u00fcbt wird.<br><br><strong>Sprachunterricht<\/strong>, Kommunikationskompetenz sowohl in Deutsch, als auch in den Fremdsprachen Englisch und Franz\u00f6sisch sowie diversen Muttersprachen der Sch\u00fcler<br><br><strong>Trendsportarten: <\/strong>Klettern, Boldern,\u2026<br><br><strong>Ballsport:<\/strong> Fu\u00dfball, Volleyball,\u2026<br><br><strong>K\u00fcnstlerisches Gestalten:<\/strong> Zusammenarbeit mit K\u00fcnstlern, Workshops,\u2026 <br><br><strong>Berufsorientierung<\/strong> ( BO-Standortkonzept\u00a0 der MS Hainburg )<br><br><strong>Zusammenarbeit<\/strong> mit dem Nationalpark Donauauen in der Schule, Outdoor und im Nationalparkhaus<br><br><strong>F\u00e4cher\u00fcbergreifende Projekte<\/strong> zu verschiedensten Themen <br><br><strong>Projektwochen: <\/strong>Sommersportwochen, Wintersportwochen, Erlebniswochen, Sprachwochen<br><br><strong>Exkursionen und Lehrausg\u00e4nge<\/strong> in den meisten Gegenst\u00e4nden. <br><br><strong>Lesef\u00f6rderung: <\/strong>Bibliothek, Lesungen, Vorlesestunden in Kindergarten und Altersheim<br><br><strong>\u00d6kologie und Nachhaltigkeit: <\/strong>Trockenrasenpflege, Teilnahme an M\u00fcllsammelaktionen, \u2026<br><br><strong>Medienarbeit:<\/strong> Zusammenarbeit mit Printmedien im Bezirk<br><br><strong>MS Hainburg<\/strong> <strong>steht f\u00fcr:<\/strong> Kreativit\u00e4t, Aktivit\u00e4t, selbstst\u00e4ndiger Wissenserwerb, Ansporn zu bestm\u00f6glicher Leistung und respektvoller Umgang miteinander.<\/p>\n\n\n\n<div style=\"height:20px\" aria-hidden=\"true\" class=\"wp-block-spacer\"><\/div>\n\n\n<div class=\"wp-block-image\">\n<figure class=\"aligncenter size-large is-resized\"><img decoding=\"async\" loading=\"lazy\" width=\"696\" height=\"564\" src=\"https:\/\/nms-hainburg.at\/wordpress\/wp-content\/uploads\/2020\/04\/ausbildungsziel.jpg\" alt=\"\" class=\"wp-image-902\" style=\"width:371px;height:300px\" srcset=\"https:\/\/nms-hainburg.at\/wordpress\/wp-content\/uploads\/2020\/04\/ausbildungsziel.jpg 696w, https:\/\/nms-hainburg.at\/wordpress\/wp-content\/uploads\/2020\/04\/ausbildungsziel-300x243.jpg 300w\" sizes=\"(max-width: 696px) 100vw, 696px\" \/><\/figure><\/div>","protected":false},"excerpt":{"rendered":"<p>Wir, das Lehrerteam der MS Hainburg, wollen unsere Sch\u00fcler, Ihre Kinder, durch gute leistungsorientierte Ausbildung bestm\u00f6glich auf das Leben und eine sichere Zukunft vorbereiten. Deshalb werden bei uns die F\u00e4higkeiten und St\u00e4rken Ihres Kindes individuell gef\u00f6rdert und gefordert. Wert gelegt wird in unserer Schule aber nicht nur auf die pers\u00f6nliche Leistung, sondern auch auf die [&hellip;]<\/p>\n","protected":false},"author":3,"featured_media":0,"parent":0,"menu_order":0,"comment_status":"closed","ping_status":"closed","template":"","meta":{"ngg_post_thumbnail":0,"footnotes":""},"_links":{"self":[{"href":"https:\/\/nms-hainburg.at\/wordpress\/wp-json\/wp\/v2\/pages\/315"}],"collection":[{"href":"https:\/\/nms-hainburg.at\/wordpress\/wp-json\/wp\/v2\/pages"}],"about":[{"href":"https:\/\/nms-hainburg.at\/wordpress\/wp-json\/wp\/v2\/types\/page"}],"author":[{"embeddable":true,"href":"https:\/\/nms-hainburg.at\/wordpress\/wp-json\/wp\/v2\/users\/3"}],"replies":[{"embeddable":true,"href":"https:\/\/nms-hainburg.at\/wordpress\/wp-json\/wp\/v2\/comments?post=315"}],"version-history":[{"count":11,"href":"https:\/\/nms-hainburg.at\/wordpress\/wp-json\/wp\/v2\/pages\/315\/revisions"}],"predecessor-version":[{"id":4816,"href":"https:\/\/nms-hainburg.at\/wordpress\/wp-json\/wp\/v2\/pages\/315\/revisions\/4816"}],"wp:attachment":[{"href":"https:\/\/nms-hainburg.at\/wordpress\/wp-json\/wp\/v2\/media?parent=315"}],"curies":[{"name":"wp","href":"https:\/\/api.w.org\/{rel}","templated":true}]}}