{"id":2979,"date":"2022-10-06T13:27:36","date_gmt":"2022-10-06T11:27:36","guid":{"rendered":"https:\/\/nms-hainburg.at\/wordpress\/?page_id=2979"},"modified":"2026-04-07T11:19:12","modified_gmt":"2026-04-07T09:19:12","slug":"trendsport-termine","status":"publish","type":"page","link":"https:\/\/nms-hainburg.at\/wordpress\/trendsport-termine\/","title":{"rendered":"Termine unverbindliche \u00dcbungen und geblockter Unterricht 2025\/26"},"content":{"rendered":"\n<div style=\"height:1px\" aria-hidden=\"true\" class=\"wp-block-spacer\"><\/div>\n\n\n\n<h2 class=\"wp-block-heading has-vivid-red-color has-text-color\" style=\"font-size:28px\">Klettern<\/h2>\n\n\n\n<div class=\"wp-block-columns is-layout-flex wp-container-2 wp-block-columns-is-layout-flex\">\n<div class=\"wp-block-column is-layout-flow wp-block-column-is-layout-flow\" style=\"flex-basis:33.33%\">\n<p><strong>Gruppe 1<\/strong><br>jeweils 7. + 8. Stunde<br>(13:35 &#8211; 15:15 Uhr)<br>12.03.2026<br>23.04.2026<br>11.06.2026<\/p>\n<\/div>\n<\/div>\n\n\n\n<div class=\"wp-block-columns is-layout-flex wp-container-4 wp-block-columns-is-layout-flex\">\n<div class=\"wp-block-column is-layout-flow wp-block-column-is-layout-flow\" style=\"flex-basis:33.33%\">\n<p><strong>Gruppe 2<\/strong><br>jeweils 7. + 8. Stunde<br>(13:35 &#8211; 15:15 Uhr)<br>12.02.2026<br>07.05.2026<br>25.06.2026<\/p>\n<\/div>\n<\/div>\n\n\n\n<p><strong>Gruppe 3<\/strong><br>jeweils 7. + 8. Stunde<br>(13:15 &#8211; 15:15 Uhr)<br>26.02.2026<br>09.04.2026<br>21.05.2026<\/p>\n\n\n\n<div style=\"height:1px\" aria-hidden=\"true\" class=\"wp-block-spacer\"><\/div>\n\n\n\n<h2 class=\"wp-block-heading has-vivid-red-color has-text-color\">Stocksport &#8211; Stockschie\u00dfen<\/h2>\n\n\n\n<div class=\"wp-block-columns is-layout-flex wp-container-7 wp-block-columns-is-layout-flex\">\n<div class=\"wp-block-column is-layout-flow wp-block-column-is-layout-flow\" style=\"flex-basis:33.33%\">\n<p><strong>Keine U\u00dc im Schj. 2025\/2<\/strong>6<\/p>\n<\/div>\n\n\n\n<div class=\"wp-block-column is-layout-flow wp-block-column-is-layout-flow\" style=\"flex-basis:66.66%\">\n<p><br><\/p>\n<\/div>\n<\/div>\n\n\n\n<h2 class=\"wp-block-heading\">Tennis<\/h2>\n\n\n\n<p>jeden Donnerstag, 7.Stunde (13:35 &#8211; 14:25 Uhr)<\/p>\n\n\n\n<div class=\"wp-block-columns is-layout-flex wp-container-10 wp-block-columns-is-layout-flex\">\n<div class=\"wp-block-column is-layout-flow wp-block-column-is-layout-flow\">\n<p>Gruppe 1<br>12.02.2026<br>26.02.2026<br>12.03.2026<br>26.3.2026<br>16.04.2026<br>30.04.2026<br>21.05.2026<br>11.06.2026<br>25.06.2026<br><\/p>\n<\/div>\n\n\n\n<div class=\"wp-block-column is-layout-flow wp-block-column-is-layout-flow\">\n<p>Gruppe 2<br>19.02.2026<br>05.03.2026<br>19.03.2026<br>09.04.2026<br>23.04.2026<br>07.05.2026<br>28.05.2026<br>18.06.2026<\/p>\n<\/div>\n<\/div>\n\n\n\n<h2 class=\"wp-block-heading has-vivid-red-color has-text-color\">Volleyball<\/h2>\n\n\n\n<div class=\"wp-block-columns is-layout-flex wp-container-13 wp-block-columns-is-layout-flex\">\n<div class=\"wp-block-column is-layout-flow wp-block-column-is-layout-flow\" style=\"flex-basis:50%\">\n<p>immer von 13:35 &#8211; 15:15 Uhr<br>3. + 4. Klassen<br>18.02.2026<br>04.03.2026<br>18.03.2026<br>08.04.2026<br>22.04.2026<br>06.05.2026<br>20.05.2026<br>03.06.2026<br>10.06.2026<\/p>\n<\/div>\n\n\n\n<div class=\"wp-block-column is-layout-flow wp-block-column-is-layout-flow\" style=\"flex-basis:50%\">\n<p>immer von 13:35 &#8211; 15:15 Uhr<br>1. +2. Klassen<br>11.02.2026<br>25.02.2026<br>11.03.2026<br>25.03.2026<br>15.04.2026<br>29.04.2026<br>13.05.2026<br>27.05.2026<br>17.06.2026<\/p>\n<\/div>\n<\/div>\n\n\n\n<h2 class=\"wp-block-heading\">Fu\u00dfball<\/h2>\n\n\n\n<p>jeden Montag, 7. Stunde (13:35 &#8211; 14:40 Uhr)<\/p>\n\n\n\n<div class=\"wp-block-columns is-layout-flex wp-container-16 wp-block-columns-is-layout-flex\">\n<div class=\"wp-block-column is-layout-flow wp-block-column-is-layout-flow\">\n<ol>\n<li>Klassen<br>16.02.2026<br>02.03.2026<br>16.03.2026<br>13.04.2026<br>27.04.2026<br>11.05.2026<br>07.06.2026<br><\/li>\n<\/ol>\n<\/div>\n\n\n\n<div class=\"wp-block-column is-layout-flow wp-block-column-is-layout-flow\">\n<p>2. Klassen<br>23.02.2026<br>09.03.2026<br>23.03.2026<br>20.04.2026<br>04.05.2026<br>18.05.2026<br>01.06.2026<br>15.06.2026<\/p>\n<\/div>\n<\/div>\n\n\n\n<h2 class=\"wp-block-heading has-vivid-red-color has-text-color\">Hip Hop<\/h2>\n\n\n\n<p><strong>jeden Montag<\/strong> in der <strong>7. + 8. Stunde<\/strong> (13:35 &#8211; 15:15 Uhr)<\/p>\n\n\n\n<div class=\"wp-block-columns is-layout-flex wp-container-19 wp-block-columns-is-layout-flex\">\n<div class=\"wp-block-column is-layout-flow wp-block-column-is-layout-flow\">\n<ol>\n<li>+ 2. Klassen<br>09.02.2026<br>23.02.2026<br>09.03.2026<br>23.03.2026<br>20.04.2026<br>04.05.2026<br>18.05.2026<br>01.06.2026<\/li>\n<\/ol>\n<\/div>\n\n\n\n<div class=\"wp-block-column is-layout-flow wp-block-column-is-layout-flow\">\n<p>3. + 4. Klassen<br>16.02.2026<br>02.03.2026<br>13.04.2026<br>27.04.2026<br>11.05.2026<br>15.06.2026<\/p>\n<\/div>\n<\/div>\n\n\n\n<h2 class=\"wp-block-heading has-vivid-red-color has-text-color\">Sch\u00fclerzeitung<\/h2>\n\n\n\n<p><strong>keine U\u00dc im Schj. 2025\/26<\/strong><br><br><\/p>\n\n\n\n<h2 class=\"wp-block-heading has-vivid-red-color has-text-color\">Darstellendes Spiel<\/h2>\n\n\n\n<p>jeweils Donnerstag<br><\/p>\n\n\n\n<div class=\"wp-block-columns is-layout-flex wp-container-23 wp-block-columns-is-layout-flex\">\n<div class=\"wp-block-column is-layout-flow wp-block-column-is-layout-flow\">\n<p>Do, 18.09.2025<br><br>Do, 25.09.2025<br>Do, 02.10.2025<br>Do, 09.10.2025<br>Do, 16.10.2025<br>Do, 23.10.2025<br>Do, 06.11.2025<br>Do, 13.11.2025<br>Do, 20.11.2025<br>Do, 27.11.2025<br>Do, 04.12.2025<br>Do, 11.12.2025<br><br>Do, 15.01.2026<br><\/p>\n<\/div>\n\n\n\n<div class=\"wp-block-column is-layout-flow wp-block-column-is-layout-flow\">\n<p>13:35 &#8211; 15:15 Uhr<br><br>13:35 &#8211; 15:15 Uhr<br>13:35- 15:15 Uhr<br>13:35 &#8211; 15:15 Uhr<br>13:35 &#8211; 15:15 Uhr<br>13:35 &#8211; 16:05 Uhr<br>13:35 &#8211; 16:05 Uhr<br>13:35 &#8211; 16:05 Uhr<br>13:35 &#8211; 16:05 Uhr<br>13:35 &#8211; 16:05 Uhr<br>13:35 &#8211; 16:05 Uhr<br>13:35 &#8211; 16:55 Uhr<br>Termin folgt!<br>13:35 &#8211; 14:25 Uhr<br><\/p>\n<\/div>\n\n\n\n<div class=\"wp-block-column is-layout-flow wp-block-column-is-layout-flow\">\n<p>Kennenlernen des Theaterst\u00fccks<br>Rollenverteilung<br>Leseprobe<br>Leseprobe<br>Sprechprobe<br>Sprechprobe<br>Technikprobe<br>Technikprobe<br>Technikprobe<br>Kost\u00fcmprobe<br>Kost\u00fcmprobe<br>B\u00fchnenprobe im Saal<br>Generalprobe<br>Reflexion<\/p>\n<\/div>\n<\/div>\n\n\n\n<h2 class=\"wp-block-heading has-vivid-red-color has-text-color\">Chor<\/h2>\n\n\n\n<p>jeden Mittwoch, 7. Stunde (13:35 &#8211; 14:40 Uhr)<\/p>\n\n\n\n<p><\/p>\n\n\n\n<h2 class=\"wp-block-heading has-vivid-red-color has-text-color\" style=\"font-size:28px\">Kochen<\/h2>\n\n\n\n<div class=\"wp-block-columns is-layout-flex wp-container-29 wp-block-columns-is-layout-flex\">\n<div class=\"wp-block-column is-layout-flow wp-block-column-is-layout-flow\" style=\"flex-basis:100%\">\n<div class=\"wp-block-columns is-layout-flex wp-container-27 wp-block-columns-is-layout-flex\">\n<div class=\"wp-block-column is-layout-flow wp-block-column-is-layout-flow\">\n<p><strong>Gruppe 1<\/strong><br>nach Vereinbarung<\/p>\n<\/div>\n\n\n\n<div class=\"wp-block-column is-layout-flow wp-block-column-is-layout-flow\">\n<p><strong>Gruppe 2<\/strong><br>nach Vereinbarung<br><br><br><br><\/p>\n<\/div>\n\n\n\n<div class=\"wp-block-column is-layout-flow wp-block-column-is-layout-flow\">\n<p><strong>Gruppe 3<\/strong><br>nach Vereinbarung<br><br><br><br><\/p>\n<\/div>\n<\/div>\n<\/div>\n<\/div>\n\n\n\n<h2 class=\"wp-block-heading has-vivid-red-color has-text-color\" style=\"font-size:28px\">Kreativ &#8211; Workshop<\/h2>\n\n\n\n<div class=\"wp-block-columns is-layout-flex wp-container-34 wp-block-columns-is-layout-flex\">\n<div class=\"wp-block-column is-layout-flow wp-block-column-is-layout-flow\">\n<div class=\"wp-block-columns is-layout-flex wp-container-32 wp-block-columns-is-layout-flex\">\n<div class=\"wp-block-column is-layout-flow wp-block-column-is-layout-flow\">\n<ol>\n<li><strong>Semester<\/strong><br>06.10.2025<br>20.10.2025<br>15.12.2025<\/li>\n<\/ol>\n<\/div>\n\n\n\n<div class=\"wp-block-column is-layout-flow wp-block-column-is-layout-flow\">\n<p>2.<strong>Semester<\/strong><br>16.02.2026<br>09.03.2026<br>13.04.2026<br>11.05.2026<\/p>\n<\/div>\n<\/div>\n<\/div>\n<\/div>\n\n\n\n<div class=\"wp-block-columns is-layout-flex wp-container-36 wp-block-columns-is-layout-flex\">\n<div class=\"wp-block-column is-layout-flow wp-block-column-is-layout-flow\">\n<h2 class=\"wp-block-heading has-vivid-red-color has-text-color\">Slowakisch<\/h2>\n<\/div>\n<\/div>\n\n\n\n<p><strong>Slowakisch als Fremdsprache:<\/strong><br>keine U\u00dc im Schuljahr 2025\/26<br><br><strong>Slowakisch als Erstsprache (Muttersprache):<\/strong><br>keine U\u00dc im Schuljahr 2025\/26<\/p>\n\n\n\n<h2 class=\"wp-block-heading\">T\u00fcrkisch<\/h2>\n\n\n\n<p>jeden Donnerstag 7. Stunde ( 13:35 &#8211; 14:40 Uhr)<\/p>\n\n\n\n<h2 class=\"wp-block-heading has-vivid-red-color has-text-color\" style=\"font-size:28px;text-transform:capitalize\">F\u00f6rderkurs<\/h2>\n\n\n\n<div class=\"wp-block-columns is-layout-flex wp-container-38 wp-block-columns-is-layout-flex\">\n<div class=\"wp-block-column is-layout-flow wp-block-column-is-layout-flow\">\n<p><strong>Lese- Rechtschreibtraining<\/strong><br>1.Klassen:<br>Montag von 17. November 2025 bis 26. J\u00e4nner 2026 (7 Termine)<br>2.Klassen:<br>Donnerstag von 11.September 2025 bis 13. November 2025 (8 Termine, Ausfall 25.09.)<br>3.Klassen:<br>Montag von 08.September 2025 bis 10. November 2025 (8 Termine, Ausfall 22.09.)<br>4.Klassen:<br>Donnerstag von 20. November 2025 bis 26. J\u00e4nner 2026 (7 Termine)<\/p>\n<\/div>\n<\/div>\n\n\n\n<h2 class=\"wp-block-heading\">Islam. Religionsunterricht<\/h2>\n\n\n\n<p>Klassen: 3b, 4a, 4b jeden Dienstag 9.Std. (15:30 &#8211; 16:20 Uhr)<\/p>\n\n\n\n<p>alle anderen Klassen: jeden Freitag 7. + 8. Std. (13:35 &#8211; 15:30 Uhr)<\/p>\n\n\n\n<p><br><\/p>\n","protected":false},"excerpt":{"rendered":"<p>Klettern Gruppe 1jeweils 7. + 8. Stunde(13:35 &#8211; 15:15 Uhr)12.03.202623.04.202611.06.2026 Gruppe 2jeweils 7. + 8. Stunde(13:35 &#8211; 15:15 Uhr)12.02.202607.05.202625.06.2026 Gruppe 3jeweils 7. + 8. Stunde(13:15 &#8211; 15:15 Uhr)26.02.202609.04.202621.05.2026 Stocksport &#8211; Stockschie\u00dfen Keine U\u00dc im Schj. 2025\/26 Tennis jeden Donnerstag, 7.Stunde (13:35 &#8211; 14:25 Uhr) Gruppe 112.02.202626.02.202612.03.202626.3.202616.04.202630.04.202621.05.202611.06.202625.06.2026 Gruppe 219.02.202605.03.202619.03.202609.04.202623.04.202607.05.202628.05.202618.06.2026 Volleyball immer von 13:35 &#8211; 15:15 Uhr3. [&hellip;]<\/p>\n","protected":false},"author":3,"featured_media":0,"parent":0,"menu_order":0,"comment_status":"closed","ping_status":"closed","template":"","meta":{"ngg_post_thumbnail":0,"footnotes":""},"_links":{"self":[{"href":"https:\/\/nms-hainburg.at\/wordpress\/wp-json\/wp\/v2\/pages\/2979"}],"collection":[{"href":"https:\/\/nms-hainburg.at\/wordpress\/wp-json\/wp\/v2\/pages"}],"about":[{"href":"https:\/\/nms-hainburg.at\/wordpress\/wp-json\/wp\/v2\/types\/page"}],"author":[{"embeddable":true,"href":"https:\/\/nms-hainburg.at\/wordpress\/wp-json\/wp\/v2\/users\/3"}],"replies":[{"embeddable":true,"href":"https:\/\/nms-hainburg.at\/wordpress\/wp-json\/wp\/v2\/comments?post=2979"}],"version-history":[{"count":83,"href":"https:\/\/nms-hainburg.at\/wordpress\/wp-json\/wp\/v2\/pages\/2979\/revisions"}],"predecessor-version":[{"id":5025,"href":"https:\/\/nms-hainburg.at\/wordpress\/wp-json\/wp\/v2\/pages\/2979\/revisions\/5025"}],"wp:attachment":[{"href":"https:\/\/nms-hainburg.at\/wordpress\/wp-json\/wp\/v2\/media?parent=2979"}],"curies":[{"name":"wp","href":"https:\/\/api.w.org\/{rel}","templated":true}]}}